 2515957602?
2, 3, 17, 67, 368153
What are the prime factors of 1287371135?
5, 211, 1220257
List the prime factors of 466379182.
2, 41, 5687551
What are the prime factors of 3762049099?
29, 129725831
List the prime factors of 2438679689.
83, 29381683
What are the prime factors of 423819392?
2, 3311089
What are the prime factors of 418690801?
418690801
List the prime factors of 83613455.
5, 16722691
List the prime factors of 3618592664.
2, 17, 26607299
List the prime factors of 55224052.
2, 13, 1062001
What are the prime factors of 1153963326?
2, 3, 37, 5198033
What are the prime factors of 414545563?
179, 2315897
What are the prime factors of 61240779?
3, 29, 31
List the prime factors of 121843395.
3, 5, 239, 11329
List the prime factors of 2634670560.
2, 3, 5, 89, 61673
List the prime factors of 178186534.
2, 5483, 16249
What are the prime factors of 52728288?
2, 3, 17, 32309
List the prime factors of 1616306345.
5, 19, 17013751
List the prime factors of 1825282407.
3, 13, 67, 698539
List the prime factors of 502832660.
2, 5, 11, 601, 3803
List the prime factors of 2095275745.
5, 47, 8916067
List the prime factors of 12607904.
2, 393997
List the prime factors of 72245305.
5, 11, 89, 14759
List the prime factors of 113139124.
2, 7, 4040683
What are the prime factors of 90820017?
3, 10091113
List the prime factors of 150628924.
2, 37, 181, 5623
What are the prime factors of 887460816?
2, 3, 11, 19, 88463
List the prime factors of 159497082.
2, 3, 8860949
What are the prime factors of 279516926?
2, 13, 41, 263, 997
List the prime factors of 47953764.
2, 3, 41, 53, 613
What are the prime factors of 366089951?
17, 37, 263, 2213
List the prime factors of 1287052357.
97, 173, 76697
What are the prime factors of 213980068?
2, 53495017
List the prime factors of 160009402.
2, 7, 1632749
List the prime factors of 34652913.
3, 41, 107, 2633
List the prime factors of 5234981524.
2, 509, 2571209
What are the prime factors of 25287851?
25287851
What are the prime factors of 153262377?
3, 17029153
What are the prime factors of 647237928?
2, 3, 653, 41299
List the prime factors of 609510999.
3, 523, 388471
What are the prime factors of 579287151?
3, 29, 2219491
List the prime factors of 54748517.
17, 103, 31267
What are the prime factors of 8992579?
97, 92707
What are the prime factors of 60834384?
2, 3, 13, 32497
List the prime factors of 59191224.
2, 3, 79, 31219
List the prime factors of 75895322.
2, 67, 97, 5839
What are the prime factors of 65176774?
2, 13, 2506799
List the prime factors of 29218529.
17, 53, 32429
List the prime factors of 1207936782.
2, 3, 13, 5162123
What are the prime factors of 21660012?
2, 3, 11, 83, 659
List the prime factors of 31402148.
2, 7850537
List the prime factors of 262855554.
2, 3, 13, 3369943
List the prime factors of 132446675.
5, 5297867
List the prime factors of 347940774.
2, 3, 19330043
What are the prime factors of 671325176?
2, 19, 29, 152297
What are the prime factors of 4167281470?
2, 5, 11, 1861, 20357
List the prime factors of 703072617.
3, 13, 1386731
List the prime factors of 302798659.
6491, 46649
What are the prime factors of 85439979?
3, 19, 499649
List the prime factors of 148359852.
2, 3, 4121107
List the prime factors of 369809078.
2, 184904539
List the prime factors of 520134482.
2, 7, 17, 2185439
List the prime factors of 185707938.
2, 3, 13, 19, 29, 149
What are the prime factors of 208036681?
19, 37, 541, 547
What are the prime factors of 3531503294?
2, 11, 160522877
What are the prime factors of 4643072?
2, 7, 2591
What are the prime factors of 167842457?
1123, 149459
List the prime factors of 1690774841.
7, 34505609
What are the prime factors of 27829621?
619, 44959
List the prime factors of 329781636.
2, 3, 23, 398287
What are the prime factors of 46560376?
2, 277, 21011
What are the prime factors of 338287163?
283, 1195361
List the prime factors of 196468177.
8663, 22679
What are the prime factors of 385673439?
3, 2417, 53189
What are the prime factors of 84508157?
2179, 38783
What are the prime factors of 1382198721?
3, 2659, 173273
List the prime factors of 2922849011.
2922849011
What are the prime factors of 954452540?
2, 5, 2221, 21487
List the prime factors of 804070437.
3, 17, 109, 1327
List the prime factors of 329972915.
5, 65994583
List the prime factors of 934027323.
3, 853, 364997
What are the prime factors of 3627190203?
3, 7, 13, 53, 250687
List the prime factors of 122833834.
2, 71, 197, 4391
List the prime factors of 776444803.
613, 1266631
What are the prime factors of 507778637?
53, 9580729
What are the prime factors of 1361996975?
5, 1549, 35171
List the prime factors of 85360789.
47, 1816187
List the prime factors of 3386894.
2, 7, 241921
List the prime factors of 1037097675.
3, 5, 512147
What are the prime factors of 58817799?
3, 137, 15901
What are the prime factors of 13081282?
2, 311, 21031
List the prime factors of 107581787.
23, 239, 19571
List the prime factors of 5964775107.
3, 71, 28003639
List the prime factors of 91541190.
2, 3, 5, 13, 234721
List the prime factors of 5633932587.
3, 283, 6635963
What are the prime factors of 183718582?
2, 47, 97, 20149
List the prime factors of 32334553.
32334553
List the prime factors of 25733918.
2, 7, 23, 233
What are the prime factors of 363793167?
3, 181, 74441
What are the prime factors of 51234152?
2, 6404269
What are the prime factors of 5913384035?
5, 13, 179, 383, 1327
List the prime factors of 231262140.
2, 3, 5, 41, 94009
What are the prime factors of 14274627?
3, 4758209
List the prime factors of 48866394.
2, 3, 8144399
List the prime factors of 515494148.
2, 13, 41, 43, 5623
What are the prime factors of 246898952?
2, 59, 109, 4799
What are the prime factors of 705315395?
5, 141063079
What are the prime factors of 630156804?
2, 3, 257, 204331
What are the prime factors of 634688712?
2, 3, 7, 131, 9613
List the prime factors of 58277997.
3, 19, 37, 61, 151
What are the prime factors of 527889568?
2, 16496549
What are the prime factors of 7486750422?
2, 3, 37, 173, 181, 359
What are the prime factors of 10734685?
5, 13, 239, 691
What are the prime factors of 51351915?
3, 5, 3423461
List the prime factors of 7093960.
2, 5, 67, 2647
What are the prime factors of 87476576?
2, 11, 181, 1373
What are the prime factors of 3404219673?
3, 23, 179, 275623
List the prime factors of 489949667.
47, 173, 60257
What are the prime factors of 123077517?
3, 41025839
What are the prime factors of 117875852?
2, 29468963
List the prime factors of 64047251.
2297, 27883
List the prime factors of 259948845.
3, 5, 13, 97, 509
What are the prime factors of 167293256?
2, 13, 857, 1877
What are the prime factors of 153886124?
2, 7, 5495933
What are the prime factors of 6672838783?
13, 513295291
What are the prime factors of 575586417?
3, 7, 27408877
List the prime factors of 18135804.
2, 3, 17, 19, 4679
List the prime factors of 45351163.
11, 13, 2621
What are the prime factors of 99113557?
19, 349, 14947
What are the prime factors of 14089727?
3187, 4421
What are the prime factors of 2451537796?
2, 79, 241, 32191
List the prime factors of 971239509.
3, 79, 1366019
What are the prime factors of 418498948?
2, 7, 83, 180077
What are the prime factors of 52963463?
7, 233, 4639
List the prime factors of 317931044.
2, 2713, 29297
What are the prime factors of 56524229?
4919, 11491
List the prime factors of 97098715.
5, 7, 283, 9803
What are the prime factors of 184405670?
2, 5, 31, 594857
What are the prime factors of 32174348?
2, 8043587
What are the prime factors of 509142901?
4289, 118709
List the prime factors of 1056290492.
2, 264072623
List the prime factors of 2578098696.
2, 3, 41, 2620019
What are the prime factors of 41185803?
3, 1607, 8543
List the prime factors of 1349513714.
2, 674756857
List the prime factors of 3287574351.
3, 19, 2203, 2909
List the prime factors of 27580807.
563, 48989
List the prime factors of 567509669.
567509669
List the prime factors of 3015775467.
3, 79, 4241597
List the prime factors of 122990731.
2699, 45569
What are the prime factors of 488375604?
2, 3, 113, 271, 443
List the prime factors of 114325654.
2, 127, 450101
What are the prime factors of 103702797?
3, 11, 97, 10799
List the prime factors of 1112411